8*j - 4*d + 36. Let c(f) = -f**3 + 10*f**2 - 4*f - 12. What is the tens digit of c(j)?
0
Let l(w) = -26*w**2 - 3*w + 49. Let j(f) = -39*f**2 - 5*f + 73. Let u(p) = 5*j(p) - 8*l(p). What is the units digit of u(6)?
5
Suppose 59*u = 2*i + 54*u - 11380, 4*i + 4*u - 22704 = 0. Suppose 0 = 2*k, -5*b + 4*k = -10*b + i. What is the thousands digit of b?
1
Let g(z) = -z**3 - 3*z**2 + 4*z + 10. Let i be g(-3). Let m be 6/4*i/(-1). Suppose -m*r + 139 = -185. What is the tens digit of r?
0
Suppose 6 + 1 = -7*b. Let d be (-5 + -57)/(1*2*b). Let w = -15 + d. What is the units digit of w?
6
Suppose 0 = 6*r + 212 + 358. Let u = r + 150. Let h = 101 - u. What is the tens digit of h?
4
Let p(h) = 3*h**2 + 5*h + 3. Let t be p(-5). Let a = -26 + t. Let i = 57 + a. What is the tens digit of i?
8
Let m(o) be the second derivative of 27*o**3/2 - 40*o**2 - 43*o. What is the units digit of m(7)?
7
Let k(s) be the first derivative of -17*s**2 - 2*s + 26 + 7*s**2 + 8*s - 22*s**2. What is the units digit of k(-2)?
4
Suppose 9*v - 68 + 5 = 0. Let j = v - 5. Suppose 4*m - o + 0*o = 322, -4*m - j*o + 316 = 0. What is the tens digit of m?
8
What is the thousands digit of 4/(-2)*8861*42/(-70)*5?
3
Suppose -7*u = -171516 + 33966. What is the thousands digit of u?
9
Suppose -658 - 2990 = 4*z. Let p = -517 - z. What is the tens digit of p?
9
Let t be -5 + -7*(2 - 3). Suppose 5*z = v + t*v - 1101, -v - 3*z = -353. What is the hundreds digit of v?
3
Suppose 7*r + z + 48 = 2*r, -r - 6 = -z. Let s(h) = -37*h + 179. What is the hundreds digit of s(r)?
5
Suppose 0 = -3*q - 0*q + q. Suppose q = -14*u + 17*u - 12. Suppose 0 = -0*k - 2*k + i + 137, u*i + 20 = 0. What is the tens digit of k?
6
Suppose -104*x - 3827516 = -577*x. What is the thousands digit of x?
8
Suppose -3*n + 5451 = -3*b, 4*b = 8*b + 20. What is the tens digit of (-17)/34 - n/(-8)?
2
Suppose 0*c = -2*i - c - 3, 0 = 3*i - 4*c + 10. What is the units digit of (0/i)/(5 - 7) - -193?
3
Suppose 6*k - 5*z = k + 12700, 4*k + z - 10180 = 0. Suppose 81 = 21*d - k. What is the units digit of d?
5
Let q be (-2 + 21/14)*-6. Suppose u = 2*b - 1204, 3*u = 2*b + q*b - 3009. What is the tens digit of b?
0
Suppose 18*s - 11287 = 9143. What is the units digit of s?
5
Let x(j) be the third derivative of j**6/120 + 3*j**5/10 - 7*j**4/8 + 2*j**3/3 + 2*j**2 - 5*j. What is the tens digit of x(-19)?
4
What is the hundreds digit of (5025/175 - 29)/((-75834)/(-75838) - 1)?
4
Let w be (3 + (-13)/4)*-12. Let p be w - (0/5)/3. What is the units digit of 75/p - 8/4?
3
Suppose -i - 4*d = 96, 3*d - 4*d = 2*i + 178. Let z be (i/6)/(1*2/(-9)). Suppose -z = -3*x + 210. What is the units digit of x?
2
Let v = 104592 - 51715. What is the thousands digit of v?
2
Let m = -20967 - -35586. What is the ten thousands digit of m?
1
Let k be -7*(-30)/(-140)*4/(-3). Suppose -4*o + 0*p = -4*p - 1860, 4*o = k*p + 1858. Suppose -9*l = -l - o. What is the tens digit of l?
5
Suppose -7*q - 44*t + 285153 = -49*t, -3*q = -2*t - 122208. What is the tens digit of q?
3
Suppose 4*k + 252 = 4*s, -4*k + 3*s - 213 = 39. What is the units digit of k*3*(-42)/54?
7
Suppose -563668 = -122*s - 96*s + 177*s. What is the ten thousands digit of s?
1
Suppose 0 = -25*y + 7458 + 9542. Let w = y + -514. What is the hundreds digit of w?
1
Suppose 5*h + 10839 = -2*c + 3*c, 2*c + h = 21700. What is the ten thousands digit of c?
1
What is the hundreds digit of (-57992)/(-8) + 117/(-9) - (1 + 2)?
2
Let t(i) be the second derivative of 7*i**3/6 - i**2 + 4*i. Let p be t(1). Suppose 5*b - 166 = -r, -3*r + 144 = 4*b - p*r. What is the tens digit of b?
3
Let b = 10 - 11. What is the hundreds digit of (b - 38088/(-68)) + 2/(-17)?
5
Let t(p) = p**2 - 90*p + 281. What is the tens digit of t(-44)?
7
Suppose 124*r - 417811 = 541782 + 2470123. What is the units digit of r?
9
Suppose -7 = -4*m + 9, o = 4*m - 15. Let c(r) = 138*r**3 + 2*r**2 - r. Let s be c(o). Let n = s - 55. What is the units digit of n?
4
Let u be 16/(-10)*-30*(-4)/16. Let c(q) be the first derivative of q**4/4 + 4*q**3 - 11*q**2/2 - 17*q + 7. What is the hundreds digit of c(u)?
1
What is the hundreds digit of -246*8/(-12)*358?
7
Let n = -53064 - -74630. What is the units digit of n?
6
Suppose -6*q + 5 = -5*q. Suppose -4 = q*l - 6*l. Suppose 2*o - 50 = -4*s + 4*o, -l*s + 59 = -5*o. What is the tens digit of s?
1
Let i(o) = 15*o + 2*o - 3 - 2*o**2 - 7*o**3 - 15*o. Let j = -10 + 7. What is the tens digit of i(j)?
6
Let q(y) = 206*y**2 - 7*y + 1. Let l be q(-1). Let a = -136 + l. What is the units digit of a?
8
Suppose 9*c + 5*a = 12*c - 14, 0 = -c + 3*a + 6. Suppose -f + c*b + 2 = -38, 0 = -3*f + 4*b + 95. What is the units digit of f?
5
Let h be ((-5)/(40/(-6)))/((-2)/(-8)). Suppose x - 644 = -h*x. Let f = x - 97. What is the units digit of f?
4
Let k = 362 - -370. Let w = k + -518. What is the units digit of w?
4
Suppose 4*g - 3 = 13. Let u = -2 + g. Suppose -3 = u*z - 11, 5*z + 392 = 4*a. What is the units digit of a?
3
Let x(c) = 865*c - 434*c + 181*c**2 - 427*c - 3. What is the units digit of x(1)?
2
Let i = -41 - -38. Let b be i + 21/(-9)*-3. Suppose t - 7 = 2*o - 5*o, -3*o = b*t - 10. What is the units digit of t?
1
Let c(b) = b - 1. Let f(w) = -10*w**2 - 10*w + 11. Let t(x) = -4*c(x) - f(x). Suppose -2*g + 10 = 3*g. What is the units digit of t(g)?
5
Let l(v) = 205*v + 12. Suppose 43*d + 12 = 49*d. What is the units digit of l(d)?
2
Let l = -178 + -624. Let r = l + 1356. What is the hundreds digit of r?
5
Let a(z) = z**2 + 7*z + 13. Let o be a(-6). Let y be (2 - 1)*3 + (-8 - o). Let n(b) = -b**3 - 12*b**2 - 5*b + 8. What is the tens digit of n(y)?
6
Suppose -223*a + 226*a = 12. Suppose -r = -3, 0 = 2*t + a*r - 122 - 48. What is the units digit of t?
9
Let a be (-298)/12 - (3 + (-102)/36). What is the hundreds digit of a/(-50)*908/1?
4
Let n = 62 + -62. Suppose -4*u + 2*u - 6 = n. Let s = u - -198. What is the tens digit of s?
9
Let d = -5 + 7. Suppose -707 = -d*y - g, -4*y + 1389 = -6*g + 3*g. What is the hundreds digit of y?
3
Suppose 21*g + 480192 = 20*g + 62*g. What is the hundreds digit of g?
8
Let f = 5097 - 1941. What is the hundreds digit of f?
1
Let y(q) = q**3 + 27*q**2 + 37*q + 167. What is the thousands digit of y(-15)?
2
Let m(u) = 2*u**2 + 36*u - 42. Suppose 3*n = 2*l + 46, -115 + 3 = 4*l + 4*n. What is the tens digit of m(l)?
7
Let k = -40942 - -74663. What is the tens digit of k?
2
Let u be (((-14)/(-3))/(-2))/(7/(-12495)). Suppose 6*x = x - 5*a + u, 3*a - 1662 = -2*x. What is the hundreds digit of x?
8
Suppose -2*n = -2*m + 11232, 3*m + 1633 = 4*n + 18484. Suppose -2175 - m = -11*d. What is the units digit of d?
8
Let r = 52 + -120. Let t = -3 - r. Let a = -43 + t. What is the tens digit of a?
2
Let s = -69633 + 160697. What is the thousands digit of s?
1
Let p be 5910 + ((-15)/(-6))/(2/(-4)). Suppose -1977 = 8*r - p. What is the units digit of r?
1
Let t(b) be the first derivative of -2*b**3/3 + 9*b**2/2 - 8*b - 39. Let o be t(14). Let r = o + 458. What is the hundreds digit of r?
1
Suppose 10*x - 5*x = -4*h - 4575, x = -2*h - 2289. Let p be h/(-15) + 5/(-15). Let j = -38 + p. What is the units digit of j?
8
Let v = -402 - 112. Let x = v + 765. What is the hundreds digit of x?
2
Let z = 10450 + -1673. What is the thousands digit of z?
8
Suppose -3*v + v - 3*n = 22, 26 = -2*v - 4*n. Let w(f) = -f**2 - 4*f + 15. What is the units digit of w(v)?
0
Let u(y) = y**3 + 55*y**2 + 85*y + 1533. What is the tens digit of u(-49)?
7
Let c(i) be the third derivative of -i**5/60 + i**4/8 + 24*i**3 - i**2 + 33*i. What is the units digit of c(10)?
4
Let t = -2828 + 20864. What is the units digit of t?
6
Let b(x) = 2*x**3 - 9*x**2 - 7*x. Let m be b(5). What is the units digit of (m/(-3))/(46/759)?
5
Suppose 91 - 411 = -4*p. Let w(z) = -p*z + 44*z + 41*z + 85. What is the units digit of w(0)?
5
Suppose 0 = -4*z, -5*q + 2*z = 37 + 13. What is the hundreds digit of 3654/8 + (q - 592/(-64))?
4
Suppose 263*m - 225*m - 498370 = 0. What is the units digit of m?
5
Let u be (-2 + 2 + -5)/((-5)/2). Let h be 34/6*3*(u + -15). Let c = -136 - h. What is the tens digit of c?
8
Let o = 183 + -185. What is the tens digit of (-44 - -41)*73*o?
3
Let p be (-1)/(-7) - 621/(-161). Suppose -p*v - 1884 = -6696. What is the units digit of v?
3
Let a = 